{"id":5634,"date":"2023-09-12T11:14:22","date_gmt":"2023-09-12T11:14:22","guid":{"rendered":"https:\/\/pafemtevaningen.com\/shop\/?post_type=product&#038;p=5634"},"modified":"2023-09-12T11:14:23","modified_gmt":"2023-09-12T11:14:23","slug":"bla-hallen-hoganas-2021-stolar-salda","status":"publish","type":"product","link":"https:\/\/pafemtevaningen.com\/shop\/product\/bla-hallen-hoganas-2021-stolar-salda\/","title":{"rendered":"Bl\u00e5 Hallen H\u00f6gan\u00e4s, 2021, stolar s\u00e5lda."},"content":{"rendered":"","protected":false},"excerpt":{"rendered":"","protected":false},"featured_media":5635,"template":"","meta":[],"product_cat":[1043],"product_tag":[],"class_list":["post-5634","product","type-product","status-publish","has-post-thumbnail","hentry","product_cat-showroom"],"_links":{"self":[{"href":"https:\/\/pafemtevaningen.com\/shop\/wp-json\/wp\/v2\/product\/5634","targetHints":{"allow":["GET"]}}],"collection":[{"href":"https:\/\/pafemtevaningen.com\/shop\/wp-json\/wp\/v2\/product"}],"about":[{"href":"https:\/\/pafemtevaningen.com\/shop\/wp-json\/wp\/v2\/types\/product"}],"wp:featuredmedia":[{"embeddable":true,"href":"https:\/\/pafemtevaningen.com\/shop\/wp-json\/wp\/v2\/media\/5635"}],"wp:attachment":[{"href":"https:\/\/pafemtevaningen.com\/shop\/wp-json\/wp\/v2\/media?parent=5634"}],"wp:term":[{"taxonomy":"product_cat","embeddable":true,"href":"https:\/\/pafemtevaningen.com\/shop\/wp-json\/wp\/v2\/product_cat?post=5634"},{"taxonomy":"product_tag","embeddable":true,"href":"https:\/\/pafemtevaningen.com\/shop\/wp-json\/wp\/v2\/product_tag?post=5634"}],"curies":[{"name":"wp","href":"https:\/\/api.w.org\/{rel}","templated":true}]}}