{"id":1931,"date":"2021-12-14T15:40:18","date_gmt":"2021-12-14T15:40:18","guid":{"rendered":"https:\/\/pafemtevaningen.com\/shop\/product\/a-burgundy-ariel-bowl-edvin-ohrstrom-orrefors\/"},"modified":"2023-05-11T08:35:51","modified_gmt":"2023-05-11T08:35:51","slug":"a-burgundy-ariel-bowl-edvin-ohrstrom-orrefors","status":"publish","type":"product","link":"https:\/\/pafemtevaningen.com\/shop\/product\/a-burgundy-ariel-bowl-edvin-ohrstrom-orrefors\/","title":{"rendered":"A burgundy ariel bowl. Edvin \u00d6hrstr\u00f6m. Orrefors."},"content":{"rendered":"","protected":false},"excerpt":{"rendered":"<p>A burgundy Ariel bowl. Edvin \u00d6hrstr\u00f6m for Orrefors.<\/p>\n<p>H\/W 6.5\/15 cm (2.56\/5.91 in). Weight 1.3 kg.<\/p>\n<p>Marked: \u201dOrrefors Ariel 1711 E Edvin \u00d6hrstr\u00f6m\u201d.<\/p>\n<p>Condition: Very good (minor wear consistent with age and use).<\/p>\n","protected":false},"featured_media":1932,"template":"","meta":[],"product_cat":[22,24],"product_tag":[835,32,262,163,34],"class_list":["post-1931","product","type-product","status-publish","has-post-thumbnail","hentry","product_cat-glass","product_cat-sweden-glass","product_tag-ariel","product_tag-bowl","product_tag-edvin-ohrstrom","product_tag-orrefors","product_tag-skal"],"_links":{"self":[{"href":"https:\/\/pafemtevaningen.com\/shop\/wp-json\/wp\/v2\/product\/1931","targetHints":{"allow":["GET"]}}],"collection":[{"href":"https:\/\/pafemtevaningen.com\/shop\/wp-json\/wp\/v2\/product"}],"about":[{"href":"https:\/\/pafemtevaningen.com\/shop\/wp-json\/wp\/v2\/types\/product"}],"wp:featuredmedia":[{"embeddable":true,"href":"https:\/\/pafemtevaningen.com\/shop\/wp-json\/wp\/v2\/media\/1932"}],"wp:attachment":[{"href":"https:\/\/pafemtevaningen.com\/shop\/wp-json\/wp\/v2\/media?parent=1931"}],"wp:term":[{"taxonomy":"product_cat","embeddable":true,"href":"https:\/\/pafemtevaningen.com\/shop\/wp-json\/wp\/v2\/product_cat?post=1931"},{"taxonomy":"product_tag","embeddable":true,"href":"https:\/\/pafemtevaningen.com\/shop\/wp-json\/wp\/v2\/product_tag?post=1931"}],"curies":[{"name":"wp","href":"https:\/\/api.w.org\/{rel}","templated":true}]}}