{"id":1699,"date":"2021-04-06T15:54:56","date_gmt":"2021-04-06T15:54:56","guid":{"rendered":"https:\/\/pafemtevaningen.com\/shop\/product\/a-unique-small-vase-carl-harry-stalhane-rorstrand\/"},"modified":"2023-05-11T08:32:21","modified_gmt":"2023-05-11T08:32:21","slug":"a-unique-small-vase-carl-harry-stalhane-rorstrand","status":"publish","type":"product","link":"https:\/\/pafemtevaningen.com\/shop\/product\/a-unique-small-vase-carl-harry-stalhane-rorstrand\/","title":{"rendered":"A unique small vase. Carl-Harry St\u00e5lhane. R\u00f6rstrand."},"content":{"rendered":"","protected":false},"excerpt":{"rendered":"<p>A unique small vase. Carl-Harry St\u00e5lhane for R\u00f6rstrand.<\/p>\n<p>H 8.5 cm (3.35 in). Weight 110 g.<\/p>\n<p>Marked: \u201d[R\u00f6rstrand studio mark] -59 Sweden [St\u00e5lhane signature] O.797\u201d.<\/p>\n<p>Condition: Very good (minor wear consistent with age and use).<\/p>\n","protected":false},"featured_media":1700,"template":"","meta":[],"product_cat":[19,20],"product_tag":[349,180,128,129,43,44],"class_list":["post-1699","product","type-product","status-publish","has-post-thumbnail","hentry","product_cat-ceramics","product_cat-sweden","product_tag-carl-harry-stalhane","product_tag-rorstrand","product_tag-unik","product_tag-unique","product_tag-vas","product_tag-vase"],"_links":{"self":[{"href":"https:\/\/pafemtevaningen.com\/shop\/wp-json\/wp\/v2\/product\/1699","targetHints":{"allow":["GET"]}}],"collection":[{"href":"https:\/\/pafemtevaningen.com\/shop\/wp-json\/wp\/v2\/product"}],"about":[{"href":"https:\/\/pafemtevaningen.com\/shop\/wp-json\/wp\/v2\/types\/product"}],"wp:featuredmedia":[{"embeddable":true,"href":"https:\/\/pafemtevaningen.com\/shop\/wp-json\/wp\/v2\/media\/1700"}],"wp:attachment":[{"href":"https:\/\/pafemtevaningen.com\/shop\/wp-json\/wp\/v2\/media?parent=1699"}],"wp:term":[{"taxonomy":"product_cat","embeddable":true,"href":"https:\/\/pafemtevaningen.com\/shop\/wp-json\/wp\/v2\/product_cat?post=1699"},{"taxonomy":"product_tag","embeddable":true,"href":"https:\/\/pafemtevaningen.com\/shop\/wp-json\/wp\/v2\/product_tag?post=1699"}],"curies":[{"name":"wp","href":"https:\/\/api.w.org\/{rel}","templated":true}]}}